= 2*y. What is the remainder when 2 is divided by u(1)?
0
Let k = 27 + -2. Calculate the remainder when 48 is divided by k.
23
Let j = -2 + 16. Suppose 5*p - y - 88 - 6 = 0, 0 = -3*p - 5*y + 62. What is the remainder when p is divided by 8/(-28) - (-102)/j?
5
Let z be (-2 + 1)/(3/(-285)). Suppose -z = 4*m + 9. Let a = m - -38. What is the remainder when a is divided by 7?
5
What is the remainder when 3/((2 - 0)/(-2)) - -18 is divided by 6?
3
Let n(v) = -6*v**3 + 4*v**2 - v + 7. Let g(q) = 7*q**3 - 4*q**2 + q - 8. Let u(l) = -4*g(l) - 5*n(l). What is the remainder when u(3) is divided by 10?
8
Let h be (8/(-10))/((-6)/30). Let o = h - -2. Calculate the remainder when 4/18 + 302/18 is divided by o.
5
Suppose 2*h - 162 = -h. What is the remainder when (6/9)/(1/h) is divided by 19?
17
Let y(a) = a. Let w be 3 - 1 - (2 - 4). Suppose -6*c + 4*c = -w. Calculate the remainder when c is divided by y(1).
0
Let o(h) = h**3 + h**2 - h + 5. What is the remainder when 17 is divided by o(0)?
2
Let q be (0 + 0/3)/(-1). Suppose 0*x + 4*x - 92 = q. Calculate the remainder when x is divided by 8.
7
Let l(i) = i + 13. Calculate the remainder when (-2 - -1) + 33 - -1 is divided by l(4).
16
Suppose 2*w = -1 + 13. Let k(d) = -d + 13. Calculate the remainder when k(w) is divided by 2.
1
What is the remainder when 24 is divided by 14 - (3 - 0) - -3?
10
What is the remainder when 39 is divided by 35/5 - (-12)/(9/3)?
6
Let u = 31 + 98. Calculate the remainder when u is divided by 33.
30
Let z = -7 + 33. Calculate the remainder when z is divided by 9.
8
Suppose 0 = 5*b - 2*r - 5, 5*b + 4*r - 51 = -16. Suppose 6*f = 2*f - 16. Let g = f + 5. Calculate the remainder when b is divided by g.
0
Let r(k) = 3*k**2 + 8. What is the remainder when r(4) is divided by 20?
16
Let s = -11 - -16. Let i = 16 - 3. Calculate the remainder when i is divided by s.
3
Suppose -2*u + 3*u + 20 = -5*p, 4*u = -5*p - 5. Let i(a) = a**3 - 6*a**2 + 6*a + 1. Let k be i(u). Let j = -2 + k. What is the remainder when 6 is divided by j?
2
Let p(u) = 226*u**3 - 2*u**2 + 1. Let y be p(1). Let t be 4/6*y/5. Suppose 4*a = -t + 86. Calculate the remainder when 27 is divided by a.
13
Suppose 0*g = -2*m + 3*g + 120, 3*m = 2*g + 190. Calculate the remainder when m is divided by 34.
32
Suppose -s + 2*s + 4*c = 44, 128 = 5*s - 3*c. Let m = s + -15. Calculate the remainder when 24 is divided by m.
11
Let k = 34 - 19. Let v be (k/10)/((-1)/(-2)). Suppose -v*b + 24 = -9. Calculate the remainder when b is divided by 4.
3
Suppose -h - 2 + 10 = 0. Let s = 12 + -10. Suppose 10 = 2*f - 2*m, -s*f - 2*f + 20 = -5*m. What is the remainder when h is divided by f?
3
Calculate the remainder when 36/54 + 524/6 + -1 is divided by 45.
42
Let u = 88 + -82. What is the remainder when 25 is divided by u?
1
Suppose -a + 5*m = -1 - 1, 4*m - 44 = -3*a. Let b be (-13)/(-3) - 2/(-3). Let v(n) = -n**3 + 6*n**2 + 2*n. What is the remainder when v(b) is divided by a?
11
Suppose 2 + 18 = 2*x. Let y = -3 + 6. Suppose -4*m + 62 = z, y*m - 28 - x = -5*z. Calculate the remainder when m is divided by 9.
7
Let h = 3 - -1. Suppose -12 = -h*w + 24. Calculate the remainder when w is divided by 5.
4
Suppose -3*r = 2*r + 115. Let y = -21 - -27. What is the remainder when 2*2/(-4) - r is divided by y?
4
Suppose 4*p = -4*s + 44, 6*p - 5*s - 65 = p. What is the remainder when 21 is divided by p?
9
Let f(s) = 2*s - 10. Let o be f(7). Let z(n) = 3*n**2 - 3*n + 4. Calculate the remainder when z(o) is divided by 14.
12
Let z(j) = j**2 - 6. Let u be z(-6). Suppose -3*r = -0*r - u. Calculate the remainder when r is divided by 6.
4
Let s(i) = i**3 - 6*i**2 - 7*i + 4. Let h be 2/7 - (-2)/(-7). Suppose d - 18 = -2*z - h*z, -5*d = -z - 13. What is the remainder when z is divided by s(7)?
3
Let t(g) = -g**2 - 24*g + 57. What is the remainder when 17 is divided by t(-26)?
2
Suppose 0*a + 4*a - 48 = 0. Calculate the remainder when 21 is divided by a.
9
Let q(x) = 6*x**2 - x**3 + x + 2 - 6*x + 0*x**3. Calculate the remainder when 24/(-42) - 32/(-7) is divided by q(5).
0
Suppose 13*n - 1965 = 1636. Calculate the remainder when n is divided by 56.
53
Let a be (1*-3)/(6/(-4)). What is the remainder when (51/(-3))/(-1 - 0) is divided by (-34)/(-4) + 1/a?
8
Suppose -6*u + 148 = -2*u. Calculate the remainder when u is divided by 19.
18
Suppose 0*i + 2*i = 54. Suppose 3*c = 4*f - 0*f - 163, -c = -3. Suppose -4*y = -f + 3. What is the remainder when i is divided by y?
7
Let d(u) = -3*u + 6. Let s be d(-6). Suppose 0 = 3*k + 13 - 1, 2*w = 4*k + s. Suppose 21 = 2*v - 5. Calculate the remainder when v is divided by w.
1
Let r = -20 - -33. Suppose 0 = -2*d + 3*v, -5*d + 3*v - 4*v + 17 = 0. What is the remainder when r is divided by d?
1
Suppose h - 65 = 5*z, -h + 13 = 4*z + 74. Calculate the remainder when (z/(-4))/((-4)/(-40)) is divided by 12.
11
Suppose 50 = -5*x + 5*m, 2*m = -5*x - 0*m - 29. Let s be 325/(-35) - 2/x. Calculate the remainder when 4 is divided by (-8)/(-36) + (-16)/s.
0
Suppose -5*j + 40 = -j. What is the remainder when 23 is divided by ((-16)/j)/(3/(-15))?
7
Suppose 5*i = 2*i + 39. Calculate the remainder when 22 is divided by i.
9
Let d(z) = -z**3 - z**2 - z + 2. Let y be d(0). Suppose -y*h - 2*h = 24. Let i = -5 - h. What is the remainder when 1 is divided by i?
0
Let p = 51 - 13. What is the remainder when p is divided by 8?
6
Let u be (18/(-12))/(3/128). Let r(o) = -o**3 + 17*o**2 - o + 12. Let c be r(17). Let g = c - u. Calculate the remainder when g is divided by 15.
14
Let i(r) = -2*r - 3. Let a be i(-3). Suppose h = 2*h + 3*m - 5, -15 = -a*h - 5*m. What is the remainder when h is divided by 2?
1
Suppose -7*d + 102 = -2*d + 3*z, 5*d - 107 = 2*z. What is the remainder when d is divided by 8?
5
Let j(g) = 2*g**3 - 7*g**2 + g - 6. Let l be j(5). Let c = -24 + l. Calculate the remainder when c is divided by 13.
11
Suppose 2*k - 39 = -5. Let q(o) = 2*o - 2. What is the remainder when k is divided by q(4)?
5
Let w be (0 - 11/(-1)) + -3. Let j = w - 5. Calculate the remainder when 5 is divided by j.
2
Let i(n) = n**3 - 6*n**2 - 4*n - 8. Let p(l) = -2*l**3 - 2*l**2 + 2*l + 3. Let h be p(-2). What is the remainder when 25 is divided by i(h)?
12
Suppose -5*h + 23 = q - 62, 0 = -2*h + 4*q + 56. Calculate the remainder when 34 is divided by h.
16
Suppose -201 + 21 = -5*x. Suppose -2*c - 10 = -x. Calculate the remainder when 50 is divided by c.
11
Let s = 5 + -8. Let a(v) = -4*v + 1. What is the remainder when a(-5) is divided by (-5 - s) + (0 - -13)?
10
Suppose 6*m = m + 25. Let s be 3 - (5 + 2/(-1)). Let r = 3 + s. What is the remainder when m is divided by r?
2
Let h(f) = 2*f**2 + 4*f + 7. What is the remainder when 24 is divided by h(-3)?
11
Let d(m) = -m**2 + 5*m. Let j be d(5). Suppose -5*r - 4*t + 2*t + 11 = 0, 4*r - 4*t + 8 = j. Let n = 15 - r. Calculate the remainder when 40 is divided by n.
12
Let i = -63 + 104. Suppose -4*g + 72 = -4*q, -2*g + q + i = 1. What is the remainder when g is divided by 12?
10
Suppose -3*i + 12*i - 441 = 0. What is the remainder when i is divided by 13?
10
Suppose -w = 3*d + 5, -15 = w + 5*d - 2. Calculate the remainder when w is divided by 5.
2
Let x(v) = -10*v**3 + 2*v**2 + v. Suppose -r = -0*r + 4. Let t(k) = k**2 - 3*k + 4. Calculate the remainder when t(r) is divided by x(-1).
10
Suppose 4 + 16 = 4*w. Suppose 4*h - 6*i + 3*i = -2, -w*h = -5*i + 5. What is the remainder when 2 is divided by h?
0
Suppose -3*h - 3*a = 2*h - 85, -3*a = -4*h + 41. Let b = 33 + -8. Calculate the remainder when b is divided by h.
11
Suppose 9 = -2*m + 25. Suppose 2*n - 74 = 4*l, -5*n + 110 = m*l - 3*l. Let r(o) = -8*o - 32. Calculate the remainder when r(-14) is divided by n.
26
Let d(h) = h**3 - 3*h**2 + 2*h + 2. Let i be d(2). Suppose i*m + 108 - 304 = 0. Suppose 3 = -5*t + m. Calculate the remainder when t is divided by 10.
9
Suppose 0*u = u - 2*v + 10, 4*u = -3*v - 18. Suppose -42 = -5*w + 58. Let r = u + w. Calculate the remainder when r is divided by 8.
6
Let i = 30 + -9. Suppose 2*f = -5*p + 24, 2*f - 4*f - 2*p + 24 = 0. Calculate the remainder when i is divided by f.
9
Let w(y) = 2*y + 6. Let u be w(-6). Let h(b) = -b. Calculate the remainder when 11 is divided by h(u).
5
Let l = -26 + 47. Calculate the remainder when 83 is divided by 